{"id":101,"date":"2021-08-24T17:45:55","date_gmt":"2021-08-24T15:45:55","guid":{"rendered":"https:\/\/l2e.be\/?page_id=101"},"modified":"2021-08-25T10:50:55","modified_gmt":"2021-08-25T08:50:55","slug":"presentation-2","status":"publish","type":"page","link":"https:\/\/l2e.be\/index.php\/presentation-2\/","title":{"rendered":"Pr\u00e9sentation"},"content":{"rendered":"\n<h2 class=\"wp-block-heading\">L2E&nbsp;: UNE HISTOIRE D\u2019\u00c9LECTRICIT\u00c9 ET D\u2019\u00c9NERGIES RENOUVELABLES DE QUALIT\u00c9<\/h2>\n\n\n\n<p>Cr\u00e9\u00e9e en 2019 \u00e0 Haillot, la SRL L2E s\u2019est dans un premier temps sp\u00e9cialis\u00e9e dans l\u2019<strong>\u00e9lectricit\u00e9<\/strong>&nbsp;<strong>industrielle<\/strong>. Elle s\u2019est progressivement ouverte \u00e0 d\u2019autres secteurs et a diversifi\u00e9 ses services afin de r\u00e9pondre, notamment, aux besoins des&nbsp;<strong>particuliers<\/strong>.<\/p>\n\n\n\n<h2 class=\"wp-block-heading\">DE L\u2019\u00c9LECTRICIT\u00c9 AUX \u00c9NERGIES RENOUVELABLES<\/h2>\n\n\n\n<p>En 2021, L2E est active dans&nbsp;:<\/p>\n\n\n\n<ul class=\"wp-block-list\"><li><a href=\"http:\/\/www.meganelec.be\/electricite-generale\">l&rsquo;\u00e9lectricit\u00e9 g\u00e9n\u00e9rale<\/a>&nbsp;: \u00e9clairage, domotique, chauffage \u00e9lectrique, vid\u00e9osurveillance, parlophonie, protection contre la foudre\u2026<\/li><li><a href=\"http:\/\/www.meganelec.be\/electricite-industrielle\">l\u2019\u00e9lectricit\u00e9 industrielle<\/a>&nbsp;: installations moyenne et basse tension, maintenance, \u00e9tudes et plans \u00e9lectriques\u2026<\/li><li><a href=\"http:\/\/www.meganelec.be\/panneaux-photovoltaiques\">l&rsquo;\u00e9tude et l&rsquo;installation de panneaux photovolta\u00efques<\/a>&nbsp;(y compris les grandes installations)<\/li><li><a href=\"http:\/\/www.meganelec.be\/pompe-chaleur\">le placement de pompes \u00e0 chaleur<\/a>&nbsp;: air\/air, air\/eau, eau\/eau, sol\/eau et sol\/sol<\/li><li><a href=\"http:\/\/www.meganelec.be\/ventilation-mecanique-controlee\">l\u2019installation de syst\u00e8mes de ventilation&nbsp;m\u00e9canique contr\u00f4l\u00e9e<\/a>&nbsp;: extraction et pulsion\/extraction.<\/li><\/ul>\n\n\n\n<h2 class=\"wp-block-heading\">L2E : UNE ENTREPRISE CERTIFI\u00c9E<\/h2>\n\n\n\n<p>Depuis toujours \u00e0 la recherche de la plus grande&nbsp;<strong>qualit\u00e9<\/strong>, tant dans les produits fournis que dans leur placement, L2E b\u00e9n\u00e9ficie des&nbsp;<strong>certifications<\/strong>&nbsp;suivantes&nbsp;:<\/p>\n\n\n\n<ul class=\"wp-block-list\"><li>VCA** (s\u00e9curit\u00e9 et bien-\u00eatre du personnel)<\/li><li>ISO 9001 (qualit\u00e9)<\/li><li>PV Qual 2012 (photovolta\u00efque)<\/li><li>Solwatt<\/li><\/ul>\n\n\n\n<p>Les membres du personnel L2E suivent, par ailleurs, des formations r\u00e9guli\u00e8res dans les diff\u00e9rents secteurs d\u2019activit\u00e9 de l\u2019entreprise.<\/p>\n","protected":false},"excerpt":{"rendered":"<p>L2E&nbsp;: UNE HISTOIRE D\u2019\u00c9LECTRICIT\u00c9 ET D\u2019\u00c9NERGIES RENOUVELABLES DE QUALIT\u00c9 Cr\u00e9\u00e9e en 2019 \u00e0 Haillot, la SRL L2E s\u2019est dans un premier temps sp\u00e9cialis\u00e9e dans l\u2019\u00e9lectricit\u00e9&nbsp;industrielle. Elle s\u2019est progressivement ouverte \u00e0 d\u2019autres secteurs et a diversifi\u00e9 ses services afin de r\u00e9pondre, notamment, aux besoins des&nbsp;particuliers. DE L\u2019\u00c9LECTRICIT\u00c9 AUX \u00c9NERGIES RENOUVELABLES En 2021, L2E est active dans&nbsp;: [&hellip;]<\/p>\n","protected":false},"author":1,"featured_media":0,"parent":0,"menu_order":0,"comment_status":"closed","ping_status":"closed","template":"","meta":{"footnotes":""},"class_list":["post-101","page","type-page","status-publish","hentry"],"_links":{"self":[{"href":"https:\/\/l2e.be\/index.php\/wp-json\/wp\/v2\/pages\/101"}],"collection":[{"href":"https:\/\/l2e.be\/index.php\/wp-json\/wp\/v2\/pages"}],"about":[{"href":"https:\/\/l2e.be\/index.php\/wp-json\/wp\/v2\/types\/page"}],"author":[{"embeddable":true,"href":"https:\/\/l2e.be\/index.php\/wp-json\/wp\/v2\/users\/1"}],"replies":[{"embeddable":true,"href":"https:\/\/l2e.be\/index.php\/wp-json\/wp\/v2\/comments?post=101"}],"version-history":[{"count":2,"href":"https:\/\/l2e.be\/index.php\/wp-json\/wp\/v2\/pages\/101\/revisions"}],"predecessor-version":[{"id":139,"href":"https:\/\/l2e.be\/index.php\/wp-json\/wp\/v2\/pages\/101\/revisions\/139"}],"wp:attachment":[{"href":"https:\/\/l2e.be\/index.php\/wp-json\/wp\/v2\/media?parent=101"}],"curies":[{"name":"wp","href":"https:\/\/api.w.org\/{rel}","templated":true}]}}